 -3 + -84 + -10 + -5?
-102
Evaluate -89 + 65 + 51 + 2.
29
Evaluate -1 + -4 + -58 - (-377 - -372).
-58
Evaluate (1 - 8) + 3 + -16 + -4561 + 4600.
19
Calculate 106 + -99 + (7 - 0 - (64 + -4)).
-46
Calculate 30 + (-16 - -7) - 29 - -95 - -2.
89
What is -355 - -324 - (-5 - -10)?
-36
Evaluate (-57 - (-53 - -54)) + 6.
-52
What is 23 - 25 - (-18 - 1) - 11 - (1 + 43)?
-38
(27 - (-35 - -49)) + (-2 - (5 + -2))
8
What is the value of -54 + 3 + 10 + (-72 - (-47 - -1))?
-67
-2 + 11 + 11 + -8 + 17 + 1 + 12
42
Calculate -15 + 11 + 17 + 5 + -16.
2
-213 - (156 - (391 + -84))
-62
Evaluate (-25 - -13) + (-2 - (-4 - -10)).
-20
277 - 287 - ((-4 - (-4 - -1)) + 1 + -61)
51
Calculate (44 - (-5 + 16 + (-9 - 1))) + -12.
31
What is 21 + 12 + (140 - 124)?
49
What is the value of 1172 + -1177 + (1 - -15) + 0 - -86?
97
Calculate -4 + (-2 - -3) - (147 - 14 - 176).
40
What is 0 + (-3 - 5) + -5 - (83 - 93)?
-3
22 + 26 + -61 - (-1 - (8 - 112))
-116
Evaluate -2 + -20 + 96 + -109 - (17 + -7).
-45
What is (-88 - (103 + -181)) + (-18 - 1)?
-29
(40 - -1) + (-50 - -10)
1
What is -195 - (22 - 247 - -73)?
-43
-3909 + 3921 - (1 - 58)
69
What is -44 - (1 - 2) - (3 - 5 - 0)?
-41
Calculate 1 + 25 + (-204 - (291 - 467)).
-2
What is the value of (-2 - 1 - 28) + -31 + (-2 - (-38 - -12))?
-38
What is the value of 105 + -44 - 58 - -53?
56
Calculate (861 - 849) + 4 + 98.
114
Calculate 5 - (47 - (36 - -33)).
27
What is -26 + 0 + (32 - 62) + 28 + 1 + -1?
-28
Calculate 33 + 1 - (-9 + -3 + -2 + 5).
43
What is -8 + 1 + (119 - 135)?
-23
26 + (-2 - 7 - -8) + -3 - (48 + -47)
21
What is the value of -42 - 18 - 39 - -123?
24
Calculate -4 - (24 + -31 + -72) - 8.
67
Calculate 137 + 4 + -68 - 137.
-64
Calculate 54 - (-7 + 2 + -4) - 3.
60
-20 + -4 + -108 + 133
1
-564 + 552 + -10 + -1 + 10 + 1 + 90
78
What is the value of 3 + 25 + (123 - (43 - -70))?
38
Calculate -1 + -96 + (-38 - -2 - (-288 + 257)).
-102
Evaluate -13 + (14 - (4 - (2 + -7))) + 10.
2
What is -13 - (-31 + 15 + (-11 + -1 - (-1 - -2)))?
16
What is (-22 - ((-4 - 12) + -2 + 10)) + 47?
33
(-5 - -3) + -1 - (40 - (39 - 98))
-102
What is the value of -71 + 158 + -241 - -73?
-81
Evaluate 100 - (108 - -52 - 143).
83
What is -26 - (-1 + 28) - -37?
-16
What is 46 - (28 + (12 - 61 - -17))?
50
-33 - (3 + -14 + 14)
-36
Calculate -7 - -2 - 0 - (6 - 132 - -92).
29
Evaluate -137 - (-85 + (46 - 36)).
-62
What is 69 - ((-11 - (-48 - -14)) + -49)?
95
What is the value of 0 + 45 + -5 + 55 + (-33 - 0)?
62
Calculate (-1238 - -1294) + (-2 - 3).
51
Calculate 12 - (1 + 8) - (-2 - 12).
17
What is the value of 4 + (92 + 1 - 0) - (-294 - -314)?
77
Evaluate (-155 - -193) + -51 + (-4 - (3 + -3)).
-17
What is the value of (-4 - -21) + (-27 - -7 - -9 - -36)?
42
What is 2 + 8 + (-45 + 2 + 15 - 19) - -14?
-23
What is the value of 30 + -42 + -12 - -70?
46
What is -9 + (40 - 33) - (1 + 19 - -2)?
-24
What is (2 - 2) + 5 - (-84 - (10 - 38 - 8))?
53
What is the value of 5 + (-35 - -25 - -3) + 0 + -3 - -14?
9
(-4 + 19 - 0) + -13 + -9 + -2 + -45
-54
Calculate -32 - 83 - -162 - 71.
-24
What is 9 - (-8 + (31 - 3)) - (-33 + 0)?
22
What is 80 + -2 - (2 + (20 - (-11 - -19)))?
64
What is the value of -2 - (45 - (27 + (7 - 45)))?
-58
Evaluate 24 - (-18 + 40 + -16) - 12.
6
Evaluate -2 + (-3 - 0) - (32 + 11 + (-9 - 5)).
-34
Evaluate -27 + (34 - (-4 - (9 + -30))).
-10
Calculate (0 - -151) + (32 - (2 + 42) - 7).
132
19 + (2 + (-12 + 32 - 7) - (7 - 1))
28
Calculate 8 - (-4 + -2 + 0 - (49 - -74 - 219)).
-82
What is the value of 27 - (78 - (17 + 1))?
-33
28 - (99 - 46) - -7
-18
What is 5 - (-4 - 52) - (17 + 7 + -22 + 6)?
53
What is the value of 14 + 32 + -89 + (-7 - -1 - (0 + -1))?
-48
(-1 + 3 - (-110 + 70)) + -1 + (5 - 3)
43
1 + 57 - (-111 + -104 + 208)
65
Calculate 12 - -12 - (39 + -40) - -43.
68
11 + (-31 - -69 - 45 - (-1 + 3 - 9))
11
Calculate 14 + 9 - (-1 + 23) - -41.
42
-51 - (-75 - -41 - 27)
10
Calculate (-2 - -6) + (-7 - (46 + -29)).
-20
What is the value of (-2 - 61 - 3) + (34 - 25) + 11 + -10?
-56
Evaluate -13 + (-45 - (-8 - (-16 - -19))).
-47
Evaluate -15 - 70 - -77 - (0 - -11).
-19
20 + (-21 + 10 - (17 - 15)) - -12
19
82 + -38 + -44 + (-142 - (-1 - (5 - 7)))
-143
(16 - 9) + (5 - 7) + -10 + -1
-6
-24 + 80 + -43 + -96
-83
Evaluate 9 + (-57 - (12 + -30)).
-30
What is the value of 5 - (-27 + (-6 - (0 - 16)))?
22
What is -32 - (-19 - (22 - -18))?
27
What is 14 + (24 - (-18 - (-9 + -4 - 11)))?
32
What is 107 - 110 - (-8 - 73 - 7) - (2 - 1)?
84
What is the value of -14 - (10 + -6 + 14 + -6 + 12 + -3)?
-35
-11 + (-11 - (-10 + 24)) + 12 + -8
-32
Evaluate -42 + -39 - -26 - (-22 + -5).
-28
Calculate -5 + -25 + -196 + 233 + 1 + 1.
9
What is -13 - -32 - (24 - 30 - -7)?
18
29 - (9 + 1 + 1 + -24 - -26)
16
Calculate 12 - ((-9 - -13) + (-1 - (-14 - -4) - -2)).
-3
-18 - (47 - -14 - 162)
83
Calculate 86 - 118 - (1 - 20) - 24.
-37
Calculate (-18 - (42 - 71)) + (2 - 10) + 28.
31
Calculate 3 + -29 + -4 + 4 + -1 + (-298 - -299).
-26
Evaluate -1025 - -960 - ((0 - -2) + -12).
-55
What is the value of 42 - (16 + (-18 + -1 - -23))?
22
Calculate (999 - 999) + -10 + -1 + 1 - 15.
-25
What is 0 + 3 + 9 + 13 + 2 + -82?
-55
0 + -54 - (3718 - 3780)
8
-15 + 9 - (-26 - -37)
-17
-1 + -4 + 7 + 6 - (-74 + 18 - 31)
95
What is the value of -35 - (-6 - (-50 + 20)) - (-2 - -8)?
-65
What is 2 - 4 - ((-2 - (9 + -2)) + (1097 - 1100))?
10
What is the value of (50 - 50) + (30 - 66)?
-36
Evaluate -8 - (20 - (63 + -30)).
5
What is the value of -12 + -108 + 57 + 72?
9
What is 38 + 34 + -34 + 13 - -9?
60
What is 50 + -45 - (27 - (-15 - -22 - (0 + 1)))?
-16
What is 2436 + -2424 - ((53 - 4) + 5)?
-42
(7 - (55 - 73)) + -40
-15
What is 5 - -7 - (-212 + 199)?
25
Calculate (-87 - -239) + -54 - (-4 + 0).
102
Calculate 0 + (-14 - -1) + -197 + 179.
-31
Evaluate (9 - (53 + -57) - (26 + 1)) + 20 + -21.
-15
What is the value of 88 + -125 - (-3 - 15)?
-19
1 - -92 - (-2688 - -2777)
4
Evaluate -8 - -26 - 12 - 50.
-44
What is (-1347 - -1441) + 1 + -62?
33
Calculate ((1 - -1) + -5 - (-37 - (-38 + -10))) + 12.
-2
50 + (-14 - (-21 + 17) - (0 + 3))
37
11 - (13 - (30 - (-42 - -13)))
57
What is -9 - (7 + (3 - ((20 - 11) + -5)))?
-15
4 + (2 - 1) - (-27 + (-26 + -28 - 0))
86
16 - (107 - (-6 + 51))
-46
Evaluate 2 - (6 + -33) - (-4 - -14 - 12).
31
What is (30 - (-8 - -35)) + (-2 - (-67 - -6))?
62
Evaluate -38 + (-27 - -81) + -26 + 0 + 2 + 33.
25
Evaluate 7 + 0 + (-16 - -5 - -55 - 18 - 16).
17
What is (-58 + 42 - -20) + -14?
-10
Evaluate 257 - 190 - (-9 + 13).
63
-10 + 19 + (3 - 25) + (2 - (-3 - -66))
-74
What is 81 - (105 + -67 - 19)?
62
Calculate 88 + -119 - (-11 - -5).
-25
What is the value of (21 - -4) + (187 - 192) - -107?
127
Calculate (-8 + -51 - 7) + 1 + -18 + 8.
-75
-153 + -4 + (-7 + 2 - -1) + (86 - 79)
-154
Evaluate -182 - (-118 + 27) - 14.
-105
915 + -930 + (4 - 2 - -30) + -7
10
What is 72 - ((23 - 72) + (44 - 21))?
98
What is the value of 79 - (155 + -74 + 4)?
-6
What is the value of 25 - ((108 - 36) + -62 + 1 + 6 + -11)?
19
(6 + 0 - 11) + (-2 - -3) + 377 + -383
-10
What is the value of 100 + 3 + -1 + -59 + -28 + 83?
98
What is the value of -43 + 56 + -58 + 37?
-8
What is the value of (-24 - 34) + 20 - (0 - (-1 + 10 + 2))?
-27
Evaluate 2 + (7 - 105) + (-6 - ((-7 - 1) + -1)).
-93
What is the value of -2 + (-6 + 3 - -5) + 294 + -118 + -164?
12
Evaluate 62 + -79 + 14 + (-5 - -1) + 6 + 78.
77
Evaluate 87 - (235 + -174) - (0 + 84) - (-4 - 1).
-53
Evaluate (5 + 2 - (0 + -40 + 47)) + -24.
-24
-331 + 306 + (1 - -97) - (0 - 14)
87
What is the value of -219 + 200 + 8 + (9 - (-8 - -7))?
-1
Evaluate -91 + 156 + -79 - (-1 - (13 + 0)).
0
Evaluate (97 + 2 - (-36 + (-34 - -91))) + 5.
83
3 + (4 + 1 + -2 + -10 - (-1 + 2))
-5
Calculate 41 + 72 + -73 + -40.
0
-30 + 15 + -31 - -15 - 17
-48
What is (20 - (12 - -15)) + (-6 - -2) + (71 - -3)?
63
Evaluate 47 - (31 - (-4 + -17)).
-5
What is the value of (-50 - -66) + 31 + -16 + 5 + 36?
72
Evaluate 20 - (6 + (23 - 14)) - (-14 - -2).
17
What is the value of 24 - 23 - -13 - (22 - (17 + -5))?
4
4 + 1 + 7 + (1 - (11 - (-114 + 10)))
-102
-13 - (-7 - (-33 - -17 - -10)) - -7
-5
What is the value of 3 - -26 - (-21 + -99 - -214)?
-65
-18 - (-48 + -39 + 55)
14
Calculate (52 - 1 - (3703 + -3658)) + 3 + -1.
8
What is 135 - (206 - (113 + -163))?
-121
-3 + 0 - (-18 + -2 + 18 + (63 - -22))
-86
What is -37 - (391 + -367 + -26 + -1)?
-34
What 